 n) - -34?
3
Suppose 0*d - 630 = -5*d + o, 2*d - 252 = -3*o. Suppose -d = -2*s + 4. What is the units digit of s?
5
Suppose 3*q + 31 = 79. Let n = 57 - q. What is the tens digit of n?
4
Suppose 60 = t - 2*n, -7*t + 2*t + n + 300 = 0. Suppose -4*f - t + 12 = -c, -c - 2*f = -24. What is the tens digit of c?
3
Let s be (-30)/4*(-1 - 5/(-3)). Let k(j) = -j**3 - 4*j**2 + 3*j + 19. What is the units digit of k(s)?
9
Let d(r) = r + 3*r**2 - 2 - 8*r - 8 - 4*r**2. Let u be d(-7). What is the units digit of 74/10 + 4/u?
7
Let u be (-2)/17 - (-104)/17. Let f = -3 + u. What is the units digit of (-6)/2*(-16)/f?
6
Let a(i) = -6*i - 7. Suppose 2*h - 1 = -4*r - 7, h + 4*r + 13 = 0. Suppose -11*k - 12 = -h*k. What is the units digit of a(k)?
1
What is the units digit of (-294)/63*(-108)/7?
2
Let b(s) = s**2 - 6*s + 2. Suppose -3*m + 36 = 6. Suppose 2*u - 2*q - m = 0, 3*q = 6 + 6. What is the tens digit of b(u)?
2
Suppose 3*a + 4*w = 5*a + 670, -5*a - 3*w = 1610. Let g = -191 - a. What is the units digit of g?
4
Let u(c) = c**3 - 10*c**2 - 7. Let z be u(10). What is the tens digit of (35/(-10))/z*44?
2
Let n(u) = -u**3 + 6*u**2 + 16*u - 5. Let f be n(-7). Let t = f + -338. What is the units digit of t?
2
Suppose -19 = -3*b + 203. Suppose z = 3*z - b. What is the tens digit of z?
3
Suppose -5*p = 3*n - 20, -p + 4*n + 8 = p. Suppose -p*y + 9*y - 1 = -x, 0 = -4*x - 3*y - 30. Let c = x - -16. What is the units digit of c?
7
What is the units digit of (178/2)/(6/30 + 0)?
5
Suppose w - x - 6 = 0, 2*w + 5*x - 18 = -w. Let y(q) be the third derivative of q**5/30 - 5*q**4/24 - 2*q**3/3 + q**2. What is the tens digit of y(w)?
3
Let f(j) = -j**3 + 7*j**2 - 10*j + 6. Let k be 64/10 + 2/(-5). Let b be f(k). Let g = -3 - b. What is the tens digit of g?
1
Let k = -8074 - -12559. What is the tens digit of k?
8
Let x be (-64)/(-24)*9/6. Let z = -1 + -1. What is the units digit of (z/x)/((-1)/2)?
1
Let h = -20 + 225. Suppose -4*g + h = -195. What is the tens digit of g?
0
Let b(a) = 2*a + 6. Let y(f) = f + 3. Let d(l) = 6*b(l) - 11*y(l). Let j be d(0). Let n(k) = 8*k - 1. What is the tens digit of n(j)?
2
Let t(x) = -13 - 12 + 3*x + 3 + 5*x. What is the units digit of t(4)?
0
Suppose 4*q = 6*q - 8. Suppose 0 = 3*o - q*h + 4, o + 2*h - 2 = 4*o. Suppose 3*t - 47 - 10 = o. What is the tens digit of t?
1
Suppose -2*k + 16 = q + k, 92 = 5*q + 3*k. Suppose 0 = q*n - 15*n - 40. What is the units digit of n?
0
Let r(c) = 3*c**2 - 6*c - 7. Suppose u + n + 2 = -3*n, -47 = -5*u - n. What is the hundreds digit of r(u)?
2
Suppose -w + 6*w - 5*h + 10 = 0, -3*w = 2*h - 9. Suppose -w = 3*y - r - 8, 5*y + 2*r - 8 = 0. What is the units digit of -2 + 1/(y/18)?
7
Let i(n) = n**2 + 4*n - 6. Let s be i(-11). Suppose 0 = 5*m + 10, l - s = -4*m + 3. What is the units digit of l?
2
Suppose -5 - 5 = -l. Let p(x) = 4*x**2 - 10*x - 15. Let v be p(l). Suppose -3*d - 2*d = -v. What is the tens digit of d?
5
Let f(r) be the third derivative of r**4/24 - r**3/2 + r**2. Let k be f(8). Suppose k*q - q - 44 = 0. What is the tens digit of q?
1
Let q = -6 - -46. Suppose -5*a = -3*v - 2*v - q, -3*v - 36 = -4*a. What is the units digit of (-389)/(-9) + a/(-54)?
3
Suppose 0 = 42*t - 272421 + 28569. What is the thousands digit of t?
5
Suppose -2*f = f - 15. Let n = f - 6. What is the units digit of 1/3*(5 - n)?
2
Let s(o) = o**3 + 2*o**2 + 2*o - 2. Let y be s(-2). Let i(k) = k**3 + 9*k**2 + 6*k - 1. What is the tens digit of i(y)?
7
Suppose 2*w + 0*w + 12 = 0. Let j(g) = -g**3 - 5*g**2 + 7*g + 9. Let s be j(w). Let c = 10 - s. What is the units digit of c?
7
Let s = -43 + 139. What is the units digit of s?
6
Suppose b = 5*b - 48. Suppose -b*g + 10 = -7*g. Suppose 0 = 3*c - 0*x - x - 50, -5*c = g*x - 87. What is the units digit of c?
7
Let n be 3*(3 + -2) + -3. Suppose -s + 125 = -0*s - 3*k, 2*s - 4*k - 250 = n. What is the units digit of s?
5
Suppose 6*p = 12*p - 474. Suppose p = 2*d + 39. What is the units digit of d?
0
Let y = 18 + -15. Suppose y*c = -4 - 8. Let k(g) = -g**2 - 3*g + 6. What is the units digit of k(c)?
2
Let c = -554 - -934. What is the units digit of c?
0
Let l(q) = 3*q**3 - 11*q**2 + 4*q + 6. What is the units digit of l(9)?
8
Let f be (-4)/(-1 + -3) + -91. What is the tens digit of f/(2/(-4) - 1)?
6
Let z(b) be the third derivative of b**5/60 - b**4/24 + 5*b**3/3 + 10*b**2. What is the tens digit of z(0)?
1
Suppose 69*l - 68*l = 337. What is the units digit of l?
7
Suppose 4*d - 14 = g, 10 = 4*d - 3*g - 8. Suppose 10 = d*t - 23. What is the tens digit of t?
1
Suppose -428 = -4*t + 2*k + 3*k, -4*t - 5*k = -468. Suppose 0 = h + h + t. What is the tens digit of 211/4 + 42/h?
5
Let c(a) = -a**3 - 4*a**2 + 2*a + 10. Let v be c(-4). Suppose 7*x - l - 183 = v*x, 5*x + l - 187 = 0. What is the units digit of x?
7
What is the hundreds digit of 2344 - (0 - -30)/(-6)?
3
Suppose 53 + 47 = 4*a. Suppose a = -5*w, -5*w - 3 = 2*q + 4. What is the units digit of q?
9
Let p be (-1)/(-4)*(12 + 8). Suppose p*o = d - 0*d + 5, 0 = 2*d + 3*o - 29. What is the units digit of d?
0
Let l(x) = 16*x**3 - 2*x**2 - 3*x + 4. Let t be l(2). Suppose -16*s + t = -14*s. What is the tens digit of s?
5
Suppose 12*h + 752 = 13*h - 5*j, -2*h - j = -1515. What is the hundreds digit of h?
7
Let t = -179 - -350. Suppose t = -4*s + 5*s. What is the units digit of s?
1
Let o(v) = -v**3 - 2*v**2 + v - 2. Let c be o(-3). Let s(z) = 3*z**2 + 4 - 4*z + 4 - 15. What is the tens digit of s(c)?
2
Let m = 933 - 893. What is the units digit of m?
0
Let h = 13 - 7. Suppose h*x = -13 + 55. What is the units digit of x?
7
Suppose -3*o - 5*v = -815 + 87, 2*v + 936 = 4*o. What is the tens digit of o?
3
Let v be (1 + 0)*(-5 - 1). Let p be 10/v + 2/(-6). Let y = 17 + p. What is the units digit of y?
5
Let m = -155 - -146. Let b = m + 132. What is the tens digit of b?
2
Suppose -2*g = 2*s - 12, 0*s = 4*g + s - 12. Suppose -g*m - 104 = -4*m. Suppose h - 89 = -2*w, 2*w - 4*h - 22 - m = 0. What is the units digit of w?
3
Suppose -7*d + 12 = -13*d. What is the tens digit of ((-4598)/(-57))/(d/(-6))?
4
Let s(l) = 4*l**2 + 1. Let f be s(-2). Let h = -5 - -6. Let o = f - h. What is the tens digit of o?
1
Suppose 719*w - 718*w = 53. Suppose 0 = -s - 2 + 5. Suppose s*o = -4*r + 96, 3*o - w = o + r. What is the tens digit of o?
2
Let w(u) = 23*u**2 + u + 2. Let h be w(2). Suppose 2*t - 16 - h = -b, 56 = t - 2*b. What is the tens digit of t?
5
Let g(w) = -w + 9. Let s be g(3). Suppose -3*i + 4*a = -s, i = -8*a + 3*a - 17. What is the units digit of -1*(-7)/i*-2?
7
Let m = 4 + -14. Suppose 119*d - 169 = 132*d. Let c = m - d. What is the units digit of c?
3
Let l(x) = x**2 + 9*x + 6. Let o be l(-7). Let u be o/(-32) - (-30)/8. Suppose 0 = 6*a - 3*a - 3*r - 42, -5*a + u*r = -74. What is the tens digit of a?
1
Let v be (27/(-36))/((-2)/8). Let p be v/(-9) - (-48)/(-18). What is the tens digit of (4 + -43)*4/p?
5
Let n = 13 - 17. Let o = 57 + n. What is the units digit of o?
3
Let p be ((-12)/(-3))/((-4)/(-6)). Let g = p + -4. Suppose -3*z - g*z = -145. What is the units digit of z?
9
Let q(l) = -67*l - 24. Let h = 24 + -26. What is the units digit of q(h)?
0
Let k(p) = -p**3 - 7*p**2 + p - 3. Let q = -14 + 7. Let w be k(q). Let i = 0 - w. What is the units digit of i?
0
Let a be (-51)/6 + 9/(-6). Let i = 46 + a. What is the units digit of i?
6
Let n(p) = -p**2 + p + 2. Let d be n(2). Suppose t + d = 4. Suppose 0 = f + t*a - 20, -3*f + 26 = -4*a - 82. What is the units digit of f?
2
Suppose 4*c + 0 - 8 = 0. Let z be (-264)/(-18) + c/6. Suppose -3*o - 15 = -4*o + 3*g, 0 = 3*o + g - z. What is the units digit of o?
6
Let w(c) = -4*c**3 - c**2 - c + 6. Let v be w(-3). Suppose -5*j - j = -v. What is the units digit of j?
8
Let t = 239 - 32. Suppose 9*a - 558 = t. What is the units digit of a?
5
Suppose -m = 2*m - 48. Let q = 23 - m. What is the units digit of q?
7
Let b(i) = i - 8. Let r be b(11). Suppose g - 2*l - 2 + 1 = 0, -4*l = 3*g - 13. Suppose -r = -2*x - 5*u + g, 0 = 4*x - 2*u - 60. What is the tens digit of x?
1
Suppose 0 = 3*x + 2*q - 25, x = -x - 5*q + 24. Suppose 3*j - 300 = -3*v, 3*v - 3*j + 403 = x*v. What is the units digit of v?
3
Let o = -2 - -1775. What is the thousands digit of o?
1
Suppose -6*h + 14 = h. What is the units digit of h/6 - (-12)/18?
1
Le